
{"id":1166,"date":"2022-03-17T17:53:11","date_gmt":"2022-03-17T16:53:11","guid":{"rendered":"https:\/\/procanyoningcazorla.es\/procanyoningcazorla\/?page_id=1166"},"modified":"2023-05-24T12:36:28","modified_gmt":"2023-05-24T10:36:28","slug":"cueva-poyo-manquillo","status":"publish","type":"page","link":"https:\/\/procanyoningcazorla.es\/procanyoningcazorla\/cueva-poyo-manquillo\/","title":{"rendered":"Cueva Poyo Manquillo"},"content":{"rendered":"\n<p>Esta cavidad situada en el Parque Natural de Cazorla, Segura y las Villas cercana al paraje de la Nava de San Pedro, es una cueva sencilla de explorar, perfecta para la iniciaci\u00f3n en la Espeleolog\u00eda. Recorreremos galer\u00edas hasta la sala principal, pudiendo realizarse una ruta circular.<\/p>\n\n\n\n<p><\/p>\n\n\n\n<figure class=\"wp-block-gallery has-nested-images columns-default is-cropped wp-block-gallery-1 is-layout-flex wp-block-gallery-is-layout-flex\">\n<figure class=\"wp-block-image size-large\"><img loading=\"lazy\" decoding=\"async\" width=\"768\" height=\"1024\" data-attachment-id=\"1173\" data-permalink=\"https:\/\/procanyoningcazorla.es\/procanyoningcazorla\/cueva-poyo-manquillo\/img_20210717_203238\/\" data-orig-file=\"https:\/\/i0.wp.com\/procanyoningcazorla.es\/procanyoningcazorla\/wp-content\/uploads\/2022\/03\/IMG_20210717_203238-scaled.jpg?fit=1920%2C2560&amp;ssl=1\" data-orig-size=\"1920,2560\" data-comments-opened=\"0\" data-image-meta=\"{&quot;aperture&quot;:&quot;1.8&quot;,&quot;credit&quot;:&quot;&quot;,&quot;camera&quot;:&quot;POT-LX1&quot;,&quot;caption&quot;:&quot;&quot;,&quot;created_timestamp&quot;:&quot;1626553959&quot;,&quot;copyright&quot;:&quot;&quot;,&quot;focal_length&quot;:&quot;3.46&quot;,&quot;iso&quot;:&quot;1250&quot;,&quot;shutter_speed&quot;:&quot;0.08&quot;,&quot;title&quot;:&quot;&quot;,&quot;orientation&quot;:&quot;0&quot;}\" data-image-title=\"IMG_20210717_203238\" data-image-description=\"\" data-image-caption=\"\" data-medium-file=\"https:\/\/i0.wp.com\/procanyoningcazorla.es\/procanyoningcazorla\/wp-content\/uploads\/2022\/03\/IMG_20210717_203238-scaled.jpg?fit=225%2C300&amp;ssl=1\" data-large-file=\"https:\/\/i0.wp.com\/procanyoningcazorla.es\/procanyoningcazorla\/wp-content\/uploads\/2022\/03\/IMG_20210717_203238-scaled.jpg?fit=768%2C1024&amp;ssl=1\" data-id=\"1173\" src=\"https:\/\/i0.wp.com\/procanyoningcazorla.es\/procanyoningcazorla\/wp-content\/uploads\/2022\/03\/IMG_20210717_203238.jpg?resize=768%2C1024&#038;ssl=1\" alt=\"\" class=\"wp-image-1173\" srcset=\"https:\/\/i0.wp.com\/procanyoningcazorla.es\/procanyoningcazorla\/wp-content\/uploads\/2022\/03\/IMG_20210717_203238-scaled.jpg?resize=768%2C1024&amp;ssl=1 768w, https:\/\/i0.wp.com\/procanyoningcazorla.es\/procanyoningcazorla\/wp-content\/uploads\/2022\/03\/IMG_20210717_203238-scaled.jpg?resize=225%2C300&amp;ssl=1 225w, https:\/\/i0.wp.com\/procanyoningcazorla.es\/procanyoningcazorla\/wp-content\/uploads\/2022\/03\/IMG_20210717_203238-scaled.jpg?resize=1152%2C1536&amp;ssl=1 1152w, https:\/\/i0.wp.com\/procanyoningcazorla.es\/procanyoningcazorla\/wp-content\/uploads\/2022\/03\/IMG_20210717_203238-scaled.jpg?resize=1536%2C2048&amp;ssl=1 1536w, https:\/\/i0.wp.com\/procanyoningcazorla.es\/procanyoningcazorla\/wp-content\/uploads\/2022\/03\/IMG_20210717_203238-scaled.jpg?w=1920&amp;ssl=1 1920w, https:\/\/i0.wp.com\/procanyoningcazorla.es\/procanyoningcazorla\/wp-content\/uploads\/2022\/03\/IMG_20210717_203238-scaled.jpg?w=1600&amp;ssl=1 1600w\" sizes=\"auto, (max-width: 768px) 100vw, 768px\" data-recalc-dims=\"1\" \/><\/figure>\n\n\n\n<figure class=\"wp-block-image size-large\"><img loading=\"lazy\" decoding=\"async\" width=\"768\" height=\"1024\" data-attachment-id=\"1172\" data-permalink=\"https:\/\/procanyoningcazorla.es\/procanyoningcazorla\/cueva-poyo-manquillo\/img_20210717_203207\/\" data-orig-file=\"https:\/\/i0.wp.com\/procanyoningcazorla.es\/procanyoningcazorla\/wp-content\/uploads\/2022\/03\/IMG_20210717_203207-scaled.jpg?fit=1920%2C2560&amp;ssl=1\" data-orig-size=\"1920,2560\" data-comments-opened=\"0\" data-image-meta=\"{&quot;aperture&quot;:&quot;1.8&quot;,&quot;credit&quot;:&quot;&quot;,&quot;camera&quot;:&quot;POT-LX1&quot;,&quot;caption&quot;:&quot;&quot;,&quot;created_timestamp&quot;:&quot;1626553929&quot;,&quot;copyright&quot;:&quot;&quot;,&quot;focal_length&quot;:&quot;3.46&quot;,&quot;iso&quot;:&quot;1000&quot;,&quot;shutter_speed&quot;:&quot;0.08&quot;,&quot;title&quot;:&quot;&quot;,&quot;orientation&quot;:&quot;0&quot;}\" data-image-title=\"IMG_20210717_203207\" data-image-description=\"\" data-image-caption=\"\" data-medium-file=\"https:\/\/i0.wp.com\/procanyoningcazorla.es\/procanyoningcazorla\/wp-content\/uploads\/2022\/03\/IMG_20210717_203207-scaled.jpg?fit=225%2C300&amp;ssl=1\" data-large-file=\"https:\/\/i0.wp.com\/procanyoningcazorla.es\/procanyoningcazorla\/wp-content\/uploads\/2022\/03\/IMG_20210717_203207-scaled.jpg?fit=768%2C1024&amp;ssl=1\" data-id=\"1172\" src=\"https:\/\/i0.wp.com\/procanyoningcazorla.es\/procanyoningcazorla\/wp-content\/uploads\/2022\/03\/IMG_20210717_203207.jpg?resize=768%2C1024&#038;ssl=1\" alt=\"\" class=\"wp-image-1172\" srcset=\"https:\/\/i0.wp.com\/procanyoningcazorla.es\/procanyoningcazorla\/wp-content\/uploads\/2022\/03\/IMG_20210717_203207-scaled.jpg?resize=768%2C1024&amp;ssl=1 768w, https:\/\/i0.wp.com\/procanyoningcazorla.es\/procanyoningcazorla\/wp-content\/uploads\/2022\/03\/IMG_20210717_203207-scaled.jpg?resize=225%2C300&amp;ssl=1 225w, https:\/\/i0.wp.com\/procanyoningcazorla.es\/procanyoningcazorla\/wp-content\/uploads\/2022\/03\/IMG_20210717_203207-scaled.jpg?resize=1152%2C1536&amp;ssl=1 1152w, https:\/\/i0.wp.com\/procanyoningcazorla.es\/procanyoningcazorla\/wp-content\/uploads\/2022\/03\/IMG_20210717_203207-scaled.jpg?resize=1536%2C2048&amp;ssl=1 1536w, https:\/\/i0.wp.com\/procanyoningcazorla.es\/procanyoningcazorla\/wp-content\/uploads\/2022\/03\/IMG_20210717_203207-scaled.jpg?w=1920&amp;ssl=1 1920w, https:\/\/i0.wp.com\/procanyoningcazorla.es\/procanyoningcazorla\/wp-content\/uploads\/2022\/03\/IMG_20210717_203207-scaled.jpg?w=1600&amp;ssl=1 1600w\" sizes=\"auto, (max-width: 768px) 100vw, 768px\" data-recalc-dims=\"1\" \/><\/figure>\n\n\n\n<figure class=\"wp-block-image size-large\"><img loading=\"lazy\" decoding=\"async\" width=\"768\" height=\"1024\" data-attachment-id=\"1171\" data-permalink=\"https:\/\/procanyoningcazorla.es\/procanyoningcazorla\/cueva-poyo-manquillo\/img_20210717_203050-1\/\" data-orig-file=\"https:\/\/i0.wp.com\/procanyoningcazorla.es\/procanyoningcazorla\/wp-content\/uploads\/2022\/03\/IMG_20210717_203050-1-scaled.jpg?fit=1920%2C2560&amp;ssl=1\" data-orig-size=\"1920,2560\" data-comments-opened=\"0\" data-image-meta=\"{&quot;aperture&quot;:&quot;1.8&quot;,&quot;credit&quot;:&quot;&quot;,&quot;camera&quot;:&quot;POT-LX1&quot;,&quot;caption&quot;:&quot;&quot;,&quot;created_timestamp&quot;:&quot;1626553851&quot;,&quot;copyright&quot;:&quot;&quot;,&quot;focal_length&quot;:&quot;3.46&quot;,&quot;iso&quot;:&quot;2000&quot;,&quot;shutter_speed&quot;:&quot;0.08&quot;,&quot;title&quot;:&quot;&quot;,&quot;orientation&quot;:&quot;0&quot;}\" data-image-title=\"IMG_20210717_203050-1\" data-image-description=\"\" data-image-caption=\"\" data-medium-file=\"https:\/\/i0.wp.com\/procanyoningcazorla.es\/procanyoningcazorla\/wp-content\/uploads\/2022\/03\/IMG_20210717_203050-1-scaled.jpg?fit=225%2C300&amp;ssl=1\" data-large-file=\"https:\/\/i0.wp.com\/procanyoningcazorla.es\/procanyoningcazorla\/wp-content\/uploads\/2022\/03\/IMG_20210717_203050-1-scaled.jpg?fit=768%2C1024&amp;ssl=1\" data-id=\"1171\" src=\"https:\/\/i0.wp.com\/procanyoningcazorla.es\/procanyoningcazorla\/wp-content\/uploads\/2022\/03\/IMG_20210717_203050-1.jpg?resize=768%2C1024&#038;ssl=1\" alt=\"\" class=\"wp-image-1171\" srcset=\"https:\/\/i0.wp.com\/procanyoningcazorla.es\/procanyoningcazorla\/wp-content\/uploads\/2022\/03\/IMG_20210717_203050-1-scaled.jpg?resize=768%2C1024&amp;ssl=1 768w, https:\/\/i0.wp.com\/procanyoningcazorla.es\/procanyoningcazorla\/wp-content\/uploads\/2022\/03\/IMG_20210717_203050-1-scaled.jpg?resize=225%2C300&amp;ssl=1 225w, https:\/\/i0.wp.com\/procanyoningcazorla.es\/procanyoningcazorla\/wp-content\/uploads\/2022\/03\/IMG_20210717_203050-1-scaled.jpg?resize=1152%2C1536&amp;ssl=1 1152w, https:\/\/i0.wp.com\/procanyoningcazorla.es\/procanyoningcazorla\/wp-content\/uploads\/2022\/03\/IMG_20210717_203050-1-scaled.jpg?resize=1536%2C2048&amp;ssl=1 1536w, https:\/\/i0.wp.com\/procanyoningcazorla.es\/procanyoningcazorla\/wp-content\/uploads\/2022\/03\/IMG_20210717_203050-1-scaled.jpg?w=1920&amp;ssl=1 1920w, https:\/\/i0.wp.com\/procanyoningcazorla.es\/procanyoningcazorla\/wp-content\/uploads\/2022\/03\/IMG_20210717_203050-1-scaled.jpg?w=1600&amp;ssl=1 1600w\" sizes=\"auto, (max-width: 768px) 100vw, 768px\" data-recalc-dims=\"1\" \/><\/figure>\n<\/figure>\n\n\n\n<p>\u00abDe la caverna no tomaras nada que no sean fotograf\u00edas, no mataras nada excepto el tiempo y no dejaras nada sino tus huellas las cuales deben ser lo m\u00e1s imperceptible posible\u00bb<\/p>\n\n\n\n<p><\/p>\n\n\n\n<p><strong>-M\u00ednimo de participante<\/strong>: 4<\/p>\n\n\n\n<p>&#8211;<strong>Tiempo de la actividad<\/strong>: 2 horas<\/p>\n\n\n\n<p><strong>-Nivel t\u00e9cnico: F\u00e1cil<\/strong><\/p>\n\n\n\n<p>&#8211;<strong>Incluimos<\/strong>: gu\u00edas y monitores titulados, seguro de responsabilidad civil, seguro de accidentes, <strong>adem\u00e1s hacemos reportaje fotogr\u00e1fico GRATUITO<\/strong>.<\/p>\n\n\n\n<p> \u2013<strong>Material obligatorio para los participantes:<\/strong> calzado con cordones o botas de trekking con buen agarre, frontal, pilar de repuesto, linterna auxiliar, mochila peque\u00f1a, aguas, comida, documentaci\u00f3n personal. <\/p>\n\n\n\n<p><strong>-Material aportado por la empresa:<\/strong> casco, mono de trabajo, luz frontal y botiqu\u00edn.<\/p>\n\n\n\n<p>&#8211;<strong>Consejos:<\/strong> llevar el pelo recogido.<\/p>\n\n\n\n<p>      <\/p>\n\n\n\n<p class=\"has-text-align-center has-medium-font-size\">PRECIO: 25 \u20ac PERSONA<\/p>\n\n\n\n<div class=\"wp-block-group\"><div class=\"wp-block-group__inner-container is-layout-flow wp-block-group-is-layout-flow\"><\/div><\/div>\n\n\n\n<div class=\"wp-block-button aligncenter\"><a class=\"wp-block-button__link\" href=\"http:\/\/procanyoningcazorla.es\/procanyoningcazorla\/contacto\/\">Reservar<\/a><\/div>\n\n\n\n\n\n<p>      <\/p>\n","protected":false},"excerpt":{"rendered":"<p>Esta cavidad situada en el Parque Natural de Cazorla, Segura y las Villas cercana al paraje de la Nava de<\/p>\n","protected":false},"author":1,"featured_media":1169,"parent":0,"menu_order":0,"comment_status":"closed","ping_status":"closed","template":"","meta":{"_monsterinsights_skip_tracking":false,"_monsterinsights_sitenote_active":false,"_monsterinsights_sitenote_note":"","_monsterinsights_sitenote_category":0,"jetpack_post_was_ever_published":false,"footnotes":""},"class_list":["post-1166","page","type-page","status-publish","has-post-thumbnail","hentry"],"aioseo_notices":[],"jetpack_sharing_enabled":true,"_links":{"self":[{"href":"https:\/\/procanyoningcazorla.es\/procanyoningcazorla\/wp-json\/wp\/v2\/pages\/1166","targetHints":{"allow":["GET"]}}],"collection":[{"href":"https:\/\/procanyoningcazorla.es\/procanyoningcazorla\/wp-json\/wp\/v2\/pages"}],"about":[{"href":"https:\/\/procanyoningcazorla.es\/procanyoningcazorla\/wp-json\/wp\/v2\/types\/page"}],"author":[{"embeddable":true,"href":"https:\/\/procanyoningcazorla.es\/procanyoningcazorla\/wp-json\/wp\/v2\/users\/1"}],"replies":[{"embeddable":true,"href":"https:\/\/procanyoningcazorla.es\/procanyoningcazorla\/wp-json\/wp\/v2\/comments?post=1166"}],"version-history":[{"count":8,"href":"https:\/\/procanyoningcazorla.es\/procanyoningcazorla\/wp-json\/wp\/v2\/pages\/1166\/revisions"}],"predecessor-version":[{"id":1512,"href":"https:\/\/procanyoningcazorla.es\/procanyoningcazorla\/wp-json\/wp\/v2\/pages\/1166\/revisions\/1512"}],"wp:featuredmedia":[{"embeddable":true,"href":"https:\/\/procanyoningcazorla.es\/procanyoningcazorla\/wp-json\/wp\/v2\/media\/1169"}],"wp:attachment":[{"href":"https:\/\/procanyoningcazorla.es\/procanyoningcazorla\/wp-json\/wp\/v2\/media?parent=1166"}],"curies":[{"name":"wp","href":"https:\/\/api.w.org\/{rel}","templated":true}]}}

<p>Esta cavidad situada en el Parque Natural de Cazorla, Segura y las Villas cercana al paraje de la Nava de San Pedro, es una cueva sencilla de explorar, perfecta para la iniciación en la Espeleología. Recorreremos galerías hasta la sala principal, pudiendo realizarse una ruta circular.</p>



<p></p>



<figure class="wp-block-gallery has-nested-images columns-default is-cropped wp-block-gallery-1 is-layout-flex wp-block-gallery-is-layout-flex">
<figure class="wp-block-image size-large"><img loading="lazy" decoding="async" width="768" height="1024" data-attachment-id="1173" data-permalink="https://procanyoningcazorla.es/procanyoningcazorla/cueva-poyo-manquillo/img_20210717_203238/" data-orig-file="https://i0.wp.com/procanyoningcazorla.es/procanyoningcazorla/wp-content/uploads/2022/03/IMG_20210717_203238-scaled.jpg?fit=1920%2C2560&amp;ssl=1" data-orig-size="1920,2560" data-comments-opened="0" data-image-meta="{&quot;aperture&quot;:&quot;1.8&quot;,&quot;credit&quot;:&quot;&quot;,&quot;camera&quot;:&quot;POT-LX1&quot;,&quot;caption&quot;:&quot;&quot;,&quot;created_timestamp&quot;:&quot;1626553959&quot;,&quot;copyright&quot;:&quot;&quot;,&quot;focal_length&quot;:&quot;3.46&quot;,&quot;iso&quot;:&quot;1250&quot;,&quot;shutter_speed&quot;:&quot;0.08&quot;,&quot;title&quot;:&quot;&quot;,&quot;orientation&quot;:&quot;0&quot;}" data-image-title="IMG_20210717_203238" data-image-description="" data-image-caption="" data-medium-file="https://i0.wp.com/procanyoningcazorla.es/procanyoningcazorla/wp-content/uploads/2022/03/IMG_20210717_203238-scaled.jpg?fit=225%2C300&amp;ssl=1" data-large-file="https://i0.wp.com/procanyoningcazorla.es/procanyoningcazorla/wp-content/uploads/2022/03/IMG_20210717_203238-scaled.jpg?fit=768%2C1024&amp;ssl=1" data-id="1173" src="https://i0.wp.com/procanyoningcazorla.es/procanyoningcazorla/wp-content/uploads/2022/03/IMG_20210717_203238.jpg?resize=768%2C1024&#038;ssl=1" alt="" class="wp-image-1173" srcset="https://i0.wp.com/procanyoningcazorla.es/procanyoningcazorla/wp-content/uploads/2022/03/IMG_20210717_203238-scaled.jpg?resize=768%2C1024&amp;ssl=1 768w, https://i0.wp.com/procanyoningcazorla.es/procanyoningcazorla/wp-content/uploads/2022/03/IMG_20210717_203238-scaled.jpg?resize=225%2C300&amp;ssl=1 225w, https://i0.wp.com/procanyoningcazorla.es/procanyoningcazorla/wp-content/uploads/2022/03/IMG_20210717_203238-scaled.jpg?resize=1152%2C1536&amp;ssl=1 1152w, https://i0.wp.com/procanyoningcazorla.es/procanyoningcazorla/wp-content/uploads/2022/03/IMG_20210717_203238-scaled.jpg?resize=1536%2C2048&amp;ssl=1 1536w, https://i0.wp.com/procanyoningcazorla.es/procanyoningcazorla/wp-content/uploads/2022/03/IMG_20210717_203238-scaled.jpg?w=1920&amp;ssl=1 1920w, https://i0.wp.com/procanyoningcazorla.es/procanyoningcazorla/wp-content/uploads/2022/03/IMG_20210717_203238-scaled.jpg?w=1600&amp;ssl=1 1600w" sizes="auto, (max-width: 768px) 100vw, 768px" data-recalc-dims="1" /></figure>



<figure class="wp-block-image size-large"><img loading="lazy" decoding="async" width="768" height="1024" data-attachment-id="1172" data-permalink="https://procanyoningcazorla.es/procanyoningcazorla/cueva-poyo-manquillo/img_20210717_203207/" data-orig-file="https://i0.wp.com/procanyoningcazorla.es/procanyoningcazorla/wp-content/uploads/2022/03/IMG_20210717_203207-scaled.jpg?fit=1920%2C2560&amp;ssl=1" data-orig-size="1920,2560" data-comments-opened="0" data-image-meta="{&quot;aperture&quot;:&quot;1.8&quot;,&quot;credit&quot;:&quot;&quot;,&quot;camera&quot;:&quot;POT-LX1&quot;,&quot;caption&quot;:&quot;&quot;,&quot;created_timestamp&quot;:&quot;1626553929&quot;,&quot;copyright&quot;:&quot;&quot;,&quot;focal_length&quot;:&quot;3.46&quot;,&quot;iso&quot;:&quot;1000&quot;,&quot;shutter_speed&quot;:&quot;0.08&quot;,&quot;title&quot;:&quot;&quot;,&quot;orientation&quot;:&quot;0&quot;}" data-image-title="IMG_20210717_203207" data-image-description="" data-image-caption="" data-medium-file="https://i0.wp.com/procanyoningcazorla.es/procanyoningcazorla/wp-content/uploads/2022/03/IMG_20210717_203207-scaled.jpg?fit=225%2C300&amp;ssl=1" data-large-file="https://i0.wp.com/procanyoningcazorla.es/procanyoningcazorla/wp-content/uploads/2022/03/IMG_20210717_203207-scaled.jpg?fit=768%2C1024&amp;ssl=1" data-id="1172" src="https://i0.wp.com/procanyoningcazorla.es/procanyoningcazorla/wp-content/uploads/2022/03/IMG_20210717_203207.jpg?resize=768%2C1024&#038;ssl=1" alt="" class="wp-image-1172" srcset="https://i0.wp.com/procanyoningcazorla.es/procanyoningcazorla/wp-content/uploads/2022/03/IMG_20210717_203207-scaled.jpg?resize=768%2C1024&amp;ssl=1 768w, https://i0.wp.com/procanyoningcazorla.es/procanyoningcazorla/wp-content/uploads/2022/03/IMG_20210717_203207-scaled.jpg?resize=225%2C300&amp;ssl=1 225w, https://i0.wp.com/procanyoningcazorla.es/procanyoningcazorla/wp-content/uploads/2022/03/IMG_20210717_203207-scaled.jpg?resize=1152%2C1536&amp;ssl=1 1152w, https://i0.wp.com/procanyoningcazorla.es/procanyoningcazorla/wp-content/uploads/2022/03/IMG_20210717_203207-scaled.jpg?resize=1536%2C2048&amp;ssl=1 1536w, https://i0.wp.com/procanyoningcazorla.es/procanyoningcazorla/wp-content/uploads/2022/03/IMG_20210717_203207-scaled.jpg?w=1920&amp;ssl=1 1920w, https://i0.wp.com/procanyoningcazorla.es/procanyoningcazorla/wp-content/uploads/2022/03/IMG_20210717_203207-scaled.jpg?w=1600&amp;ssl=1 1600w" sizes="auto, (max-width: 768px) 100vw, 768px" data-recalc-dims="1" /></figure>



<figure class="wp-block-image size-large"><img loading="lazy" decoding="async" width="768" height="1024" data-attachment-id="1171" data-permalink="https://procanyoningcazorla.es/procanyoningcazorla/cueva-poyo-manquillo/img_20210717_203050-1/" data-orig-file="https://i0.wp.com/procanyoningcazorla.es/procanyoningcazorla/wp-content/uploads/2022/03/IMG_20210717_203050-1-scaled.jpg?fit=1920%2C2560&amp;ssl=1" data-orig-size="1920,2560" data-comments-opened="0" data-image-meta="{&quot;aperture&quot;:&quot;1.8&quot;,&quot;credit&quot;:&quot;&quot;,&quot;camera&quot;:&quot;POT-LX1&quot;,&quot;caption&quot;:&quot;&quot;,&quot;created_timestamp&quot;:&quot;1626553851&quot;,&quot;copyright&quot;:&quot;&quot;,&quot;focal_length&quot;:&quot;3.46&quot;,&quot;iso&quot;:&quot;2000&quot;,&quot;shutter_speed&quot;:&quot;0.08&quot;,&quot;title&quot;:&quot;&quot;,&quot;orientation&quot;:&quot;0&quot;}" data-image-title="IMG_20210717_203050-1" data-image-description="" data-image-caption="" data-medium-file="https://i0.wp.com/procanyoningcazorla.es/procanyoningcazorla/wp-content/uploads/2022/03/IMG_20210717_203050-1-scaled.jpg?fit=225%2C300&amp;ssl=1" data-large-file="https://i0.wp.com/procanyoningcazorla.es/procanyoningcazorla/wp-content/uploads/2022/03/IMG_20210717_203050-1-scaled.jpg?fit=768%2C1024&amp;ssl=1" data-id="1171" src="https://i0.wp.com/procanyoningcazorla.es/procanyoningcazorla/wp-content/uploads/2022/03/IMG_20210717_203050-1.jpg?resize=768%2C1024&#038;ssl=1" alt="" class="wp-image-1171" srcset="https://i0.wp.com/procanyoningcazorla.es/procanyoningcazorla/wp-content/uploads/2022/03/IMG_20210717_203050-1-scaled.jpg?resize=768%2C1024&amp;ssl=1 768w, https://i0.wp.com/procanyoningcazorla.es/procanyoningcazorla/wp-content/uploads/2022/03/IMG_20210717_203050-1-scaled.jpg?resize=225%2C300&amp;ssl=1 225w, https://i0.wp.com/procanyoningcazorla.es/procanyoningcazorla/wp-content/uploads/2022/03/IMG_20210717_203050-1-scaled.jpg?resize=1152%2C1536&amp;ssl=1 1152w, https://i0.wp.com/procanyoningcazorla.es/procanyoningcazorla/wp-content/uploads/2022/03/IMG_20210717_203050-1-scaled.jpg?resize=1536%2C2048&amp;ssl=1 1536w, https://i0.wp.com/procanyoningcazorla.es/procanyoningcazorla/wp-content/uploads/2022/03/IMG_20210717_203050-1-scaled.jpg?w=1920&amp;ssl=1 1920w, https://i0.wp.com/procanyoningcazorla.es/procanyoningcazorla/wp-content/uploads/2022/03/IMG_20210717_203050-1-scaled.jpg?w=1600&amp;ssl=1 1600w" sizes="auto, (max-width: 768px) 100vw, 768px" data-recalc-dims="1" /></figure>
</figure>



<p>«De la caverna no tomaras nada que no sean fotografías, no mataras nada excepto el tiempo y no dejaras nada sino tus huellas las cuales deben ser lo más imperceptible posible»</p>



<p></p>



<p><strong>-Mínimo de participante</strong>: 4</p>



<p>&#8211;<strong>Tiempo de la actividad</strong>: 2 horas</p>



<p><strong>-Nivel técnico: Fácil</strong></p>



<p>&#8211;<strong>Incluimos</strong>: guías y monitores titulados, seguro de responsabilidad civil, seguro de accidentes, <strong>además hacemos reportaje fotográfico GRATUITO</strong>.</p>



<p> –<strong>Material obligatorio para los participantes:</strong> calzado con cordones o botas de trekking con buen agarre, frontal, pilar de repuesto, linterna auxiliar, mochila pequeña, aguas, comida, documentación personal. </p>



<p><strong>-Material aportado por la empresa:</strong> casco, mono de trabajo, luz frontal y botiquín.</p>



<p>&#8211;<strong>Consejos:</strong> llevar el pelo recogido.</p>



<p>      </p>



<p class="has-text-align-center has-medium-font-size">PRECIO: 25 € PERSONA</p>



<div class="wp-block-group"><div class="wp-block-group__inner-container is-layout-flow wp-block-group-is-layout-flow"></div></div>



<div class="wp-block-button aligncenter"><a class="wp-block-button__link" href="http://procanyoningcazorla.es/procanyoningcazorla/contacto/">Reservar</a></div>





<p>      </p>
